+ 12*n. Let w be (216/(-84))/(1 - n/(-28)). What is the greatest common factor of w and 54?
18
Let q(l) = -21*l**3 - 6*l**2 - 7*l. Let v be q(-3). Suppose 2*c + 2*c = 3*o + v, 0 = -c - o + 137. What is the highest common factor of 15 and c?
15
Let u be (-9)/((-27)/6)*1. Suppose 0 = -5*d + 2*g + 38, u*g = -4*d + 9 + 25. Calculate the highest common factor of 32 and d.
8
Let w(r) = 22*r - 16. Suppose -16 = -2*i - 3*m, -3*i + 6*m - 10 = 2*m. Let b be w(i). What is the greatest common divisor of b and 112?
28
Let u(r) = -2*r**3 + 3*r**2 - 3. Let h be u(-1). Suppose h*b - 20 = 3*g + 142, -4*b + 2*g = -308. Calculate the highest common divisor of b and 30.
15
Let f be (-4)/20 - 2/(-10). Suppose 5*s = -f*s + 165. Calculate the greatest common factor of 3 and s.
3
Suppose -4*k + 20 = -2*k. Suppose 68*n = 392 - 52. Calculate the greatest common factor of n and k.
5
Suppose -280 = f - 286. Let d be 161/3 - (-1)/3. What is the highest common factor of d and f?
6
Suppose 0 = 4*b - f - 139, -133 = -4*b - f - 0*f. Suppose b - 2 = 8*n. Calculate the highest common divisor of n and 28.
4
Let s = 10 - 41. Let u = -27 - s. What is the greatest common factor of u and 12?
4
Let l(a) = 10*a**2 - 4*a + 1. Let m be l(5). Let f be (0 + 1 + (-66)/24)/(8/(-96)). Calculate the highest common divisor of f and m.
21
Suppose 4*x = -x - 200. Let p = x - -70. What is the greatest common factor of p and 10?
10
Let m(j) = j**2 + 14*j - 26. Let v be m(-16). Let t(s) = -22*s - 1. Let c be t(-4). Let g = -27 + c. Calculate the highest common factor of v and g.
6
Suppose 0 = -2*k - 1 + 5. Suppose k*a + 3*a - 10 = 0. Suppose -5*x - 5*v + 105 = 0, 4*x - v = -a*v + 87. What is the highest common divisor of 66 and x?
22
Let m = -755 + 959. Calculate the greatest common divisor of 12 and m.
12
Suppose 3*x = -2*u + 7, -3*u - x - 4*x = -11. Suppose u*d = -d + 126. What is the greatest common divisor of d and 105?
21
Suppose 3*n - 48 = l - 4, -5*l = -n - 4. Let a be (-4)/(n/(-220)) - (1 + -4). Let w = 127 + -40. What is the greatest common factor of w and a?
29
Let w be -1*20*6/(-5). Let i(d) = -2*d**2 + 13*d - 13. Let s be i(5). Suppose x + 75 = s*x - a, -348 = -5*x - 4*a. What is the highest common factor of x and w?
24
Let l(q) = -5*q**3 - 4*q**2 - 4*q - 1. Let c be l(-2). What is the highest common divisor of 589 and c?
31
Let n = 39 + -35. Suppose 209 = -3*w + n*w. Calculate the highest common divisor of 19 and w.
19
Let s = -13 + 41. Let y be 21*((-52)/(-12) - 3 - 1). What is the highest common divisor of y and s?
7
Suppose 0 = -5*q, -34 = 3*m - 5*m + q. Suppose 13 = -l - 5*v, -2*l - 1 + m = -4*v. Calculate the greatest common divisor of l and 22.
2
Let h be 121 + -1*(5 + -4). Suppose v = 6*v - h. What is the greatest common divisor of 144 and v?
24
Let n = 22 - 23. Let f be (9 + 1)*(11 - n). Calculate the greatest common divisor of f and 48.
24
Suppose 2*t + 3*w + 15 = 48, 3*t - 55 = w. Calculate the greatest common factor of t and 423.
9
Let i be (-2232)/(-45) + (-2)/10*3. Calculate the greatest common factor of 77 and i.
7
Let b be (-116)/(-12) - (-12)/(-18). Calculate the highest common divisor of 144 and b.
9
Suppose 77*r - 4872 = 19*r. What is the highest common divisor of 12 and r?
12
Let w be 489/7 - (-12 + (-1245)/(-105)). Calculate the greatest common factor of 35 and w.
35
Let h(m) = -29*m + 4. Let w be h(-4). Let k be -5*(1 - (-14)/(-10)). Suppose 3*y - 5*s - 55 = 0, k*s - 2 = 3*s. Calculate the highest common factor of w and y.
15
Let n = -48 - -97. Let u = n - 29. Suppose -y - 3*y = -u. Calculate the greatest common divisor of 55 and y.
5
Suppose 438 = 9*w - 3*w. Suppose -w = -6*t + 53. Let f = -14 + 21. What is the highest common factor of t and f?
7
Suppose 0*a - 14 = -a - 2*h, -2*h = 3*a - 34. Let f be (-65)/(-26)*148/a*1. What is the greatest common factor of f and 185?
37
Let z(x) = -17*x**2 - 7*x + 11. Let r(v) = -9*v**2 - 4*v + 6. Let d(b) = 7*r(b) - 4*z(b). Let a be d(-2). Calculate the highest common factor of a and 36.
18
Let z(w) = -w**3 - w**2 + 16. Let i be z(0). Let k(f) = -26*f**2 + 223*f + 8. Let n be k(8). What is the greatest common factor of i and n?
16
Let x(u) = 5*u**2 + 419*u - 456. Let k be x(-85). Let c be 1*7*(-12)/(-14). Calculate the greatest common factor of k and c.
6
Let r(u) = u**3 + 3*u**2 + 9*u + 7. Let w be r(-4). Let c = w - -47. Calculate the highest common factor of c and 2.
2
Suppose -4*z - 2 = -s - 64, 68 = 4*z - 4*s. What is the greatest common divisor of 30 and z?
15
Let x(n) = n**3 + 21. Let a be x(0). Let i be 15 + -5 + 3 - (-6 + 12). What is the greatest common factor of i and a?
7
Let p be (6/(-12))/(1/(-36)). Let t = p - 3. Suppose l = -5*r - 3*l + 43, 0 = 5*l + t. What is the highest common factor of r and 88?
11
Let g = -4 - -9. Let j(t) = t**3 - 1. Let h be j(-2). Let p(a) = -a**3 - 8*a**2 + 5*a - 1. Let u be p(h). Calculate the greatest common factor of g and u.
5
Suppose y - 3*f = 38, 6*f = 2*f - 4. What is the highest common divisor of 420 and y?
35
Suppose -9*i - 88 = -b - 10*i, 6*i = 3*b - 309. What is the greatest common divisor of 465 and b?
93
Suppose -2*s + p = -5, 2*s - 4*p = 3 + 5. Suppose s*a - 1 = 39. Calculate the highest common factor of 160 and a.
20
Suppose u - 86 = -5*l, u = -2*u - 12. Let o be 9 + (-78)/9 - (-34)/6. Calculate the highest common divisor of o and l.
6
Let j(f) = 1080*f + 48. Let x be j(1). What is the greatest common divisor of x and 24?
24
Let g(q) = 16*q - 6. Let t be g(-6). Let h = -66 - t. Suppose -2*c + 0 = -h. What is the greatest common divisor of 198 and c?
18
Let q(a) = -70*a**3 + a + 1. Let z be q(-1). Let u = z + -47. Suppose -29*c + 460 = -27*c. What is the greatest common divisor of c and u?
23
Let h = 163 + -144. What is the highest common divisor of h and 304?
19
Let q = 51 - 48. Suppose q*n - 2 = 13. What is the greatest common factor of 40 and n?
5
Suppose 4*d = 4*w + 72, -37 = -5*d - 5*w + 53. Let n = 60 - d. Calculate the greatest common divisor of 378 and n.
42
Suppose -6 - 2 = -2*a. Let l(t) = t**2 - a - t + 7*t - 4*t. Let h be l(-5). What is the greatest common divisor of 121 and h?
11
Suppose -78*w + 73*w + 20 = 0. Let q(f) = 24*f**2. Let i be q(1). What is the highest common factor of w and i?
4
Let d = 93 - 73. Let q be (-10)/(-6)*60/d. What is the greatest common divisor of 1 and q?
1
Let i(q) = 5*q + 1. Let b be i(4). Let v = 1936 - 1922. Calculate the greatest common factor of b and v.
7
Suppose -a + 28 - 7 = -4*o, -5*o = 3*a + 22. Let j be -1 + (-12)/(-8)*2. Calculate the greatest common factor of j and a.
1
Suppose -6 = -c - 3*h, c - 7 = 2*h - 1. Let l be c/(-63)*3 + (-321)/(-21). Calculate the highest common divisor of l and 105.
15
Let f be 269 + -3 + 4 + -1 + 1. What is the greatest common divisor of 30 and f?
30
Let b(y) = y**2 + 20*y - 16. Let t(j) = j**2 + 20*j - 15. Let o(l) = 4*b(l) - 3*t(l). Let h be o(-22). What is the greatest common divisor of 125 and h?
25
Let f be 1*(1 + -2 + 21). Let z be -4 + (-4)/(-6)*9. Suppose 4*p - p + 4*s = 192, -4*p - z*s = -246. What is the highest common factor of f and p?
20
Suppose 14*v - 5875 = 1937. What is the highest common divisor of 18 and v?
18
Suppose -2*w + 84 = 3*h, 0 = -4*w - 3*h + 49 + 119. Let r(o) = -11*o - 45. Let v be r(-6). Calculate the highest common factor of w and v.
21
Let h = -1954 + 1967. Calculate the greatest common factor of h and 2.
1
Suppose -356*x = -408*x + 780. Let m(s) = 13*s**2 + s. Let h be m(3). What is the greatest common factor of h and x?
15
Suppose 0*r = -2*r - 4*o + 62, 3*o = 4*r - 91. Suppose r = -5*a, 4*d - 361 = a - 44. Calculate the highest common factor of 117 and d.
39
Let i be 3/12 + 238/8. Suppose 849*u = 852*u - 180. What is the highest common factor of u and i?
30
Suppose n - 12 = -2*n. Let a be ((-2)/n)/((-4)/2800). Suppose -u - 4*u - a = -5*b, b = -4*u + 50. Calculate the highest common factor of b and 6.
6
Let z(u) = -11*u. Let f be z(-6). Let r(p) = p + 2. Let n be r(0). Suppose -3*y + 6 = -n*y. Calculate the greatest common divisor of f and y.
6
Let y be (-6)/(462/(-5299)) - (-4)/22. Let l = y - 45. What is the greatest common divisor of l and 8?
8
Suppose 3*w + 5*b = -17, -w + 2*b = -3*w - 6. Let n be w - (0 + (-4)/2). What is the greatest common divisor 